{"id":9959,"date":"2020-07-15T18:14:42","date_gmt":"2020-07-15T16:14:42","guid":{"rendered":"https:\/\/caritas.barcelona\/?page_id=9959"},"modified":"2020-09-21T10:14:10","modified_gmt":"2020-09-21T08:14:10","slug":"personas","status":"publish","type":"page","link":"https:\/\/caritas.barcelona\/es\/portal-de-transparencia\/personas\/","title":{"rendered":"Personas contratadas y voluntarias"},"content":{"rendered":"<p>Desde C\u00e1ritas queremos que las personas voluntarias y contratadas mejoren sus capacidades, motivaci\u00f3n, formaci\u00f3n, identificaci\u00f3n e implicaci\u00f3n con la Instituci\u00f3n de acuerdo con las l\u00edneas estrat\u00e9gicas de esta para conseguir una mayor eficacia, eficiencia, equidad y excelencia en la acci\u00f3n social.<\/p>\n","protected":false},"excerpt":{"rendered":"<p>Desde C\u00e1ritas queremos que las personas voluntarias y contratadas mejoren sus capacidades, motivaci\u00f3n, formaci\u00f3n, identificaci\u00f3n e implicaci\u00f3n con la Instituci\u00f3n de acuerdo con las l\u00edneas estrat\u00e9gicas de esta para conseguir [&hellip;]<\/p>\n","protected":false},"author":1,"featured_media":0,"parent":9946,"menu_order":0,"comment_status":"closed","ping_status":"closed","template":"page-template-transparencia-personas.php","meta":{"footnotes":""},"class_list":["post-9959","page","type-page","status-publish","hentry"],"aioseo_notices":[],"_links":{"self":[{"href":"https:\/\/caritas.barcelona\/es\/wp-json\/wp\/v2\/pages\/9959","targetHints":{"allow":["GET"]}}],"collection":[{"href":"https:\/\/caritas.barcelona\/es\/wp-json\/wp\/v2\/pages"}],"about":[{"href":"https:\/\/caritas.barcelona\/es\/wp-json\/wp\/v2\/types\/page"}],"author":[{"embeddable":true,"href":"https:\/\/caritas.barcelona\/es\/wp-json\/wp\/v2\/users\/1"}],"replies":[{"embeddable":true,"href":"https:\/\/caritas.barcelona\/es\/wp-json\/wp\/v2\/comments?post=9959"}],"version-history":[{"count":3,"href":"https:\/\/caritas.barcelona\/es\/wp-json\/wp\/v2\/pages\/9959\/revisions"}],"predecessor-version":[{"id":10048,"href":"https:\/\/caritas.barcelona\/es\/wp-json\/wp\/v2\/pages\/9959\/revisions\/10048"}],"up":[{"embeddable":true,"href":"https:\/\/caritas.barcelona\/es\/wp-json\/wp\/v2\/pages\/9946"}],"wp:attachment":[{"href":"https:\/\/caritas.barcelona\/es\/wp-json\/wp\/v2\/media?parent=9959"}],"curies":[{"name":"wp","href":"https:\/\/api.w.org\/{rel}","templated":true}]}}

<p>Desde Cáritas queremos que las personas voluntarias y contratadas mejoren sus capacidades, motivación, formación, identificación e implicación con la Institución de acuerdo con las líneas estratégicas de esta para conseguir una mayor eficacia, eficiencia, equidad y excelencia en la acción social.</p>

<p>Desde Cáritas queremos que las personas voluntarias y contratadas mejoren sus capacidades, motivación, formación, identificación e implicación con la Institución de acuerdo con las líneas estratégicas de esta para conseguir [&hellip;]</p>
