{"id":9946,"date":"2020-07-15T17:19:25","date_gmt":"2020-07-15T15:19:25","guid":{"rendered":"https:\/\/caritas.barcelona\/?page_id=9946"},"modified":"2025-01-23T11:40:16","modified_gmt":"2025-01-23T10:40:16","slug":"portal-de-transparencia","status":"publish","type":"page","link":"https:\/\/caritas.barcelona\/es\/portal-de-transparencia\/","title":{"rendered":"Portal de transparencia"},"content":{"rendered":"<p><span class=\"fs28 fw700\">\u00bfQu\u00e9 es el portal de transparencia?<\/span><br \/>\nHoy m\u00e1s que nunca las organizaciones tenemos que ser transparentes a la vez de comunicar nuestra tarea.<\/p>\n<p>La creaci\u00f3n de este portal no solo responde una cuesti\u00f3n de leyes que obligan, sino que es un compromiso con la misma entidad, con nuestros socios, donantes, personas atendidas y con la sociedad en general. En este apartado podr\u00e1s encontrar:<\/p>\n<ul>\n<li>Informaci\u00f3n institucional<\/li>\n<li>Gesti\u00f3n Econ\u00f3mica, contratos y convenios<\/li>\n<li>Personas<\/li>\n<li>Informes, programas y memorias<\/li>\n<li>Normas y buenas pr\u00e1cticas<\/li>\n<li>Canal de denuncias<\/li>\n<\/ul>\n","protected":false},"excerpt":{"rendered":"<p>\u00bfQu\u00e9 es el portal de transparencia? Hoy m\u00e1s que nunca las organizaciones tenemos que ser transparentes a la vez de comunicar nuestra tarea. La creaci\u00f3n de este portal no solo [&hellip;]<\/p>\n","protected":false},"author":1,"featured_media":9826,"parent":0,"menu_order":0,"comment_status":"closed","ping_status":"closed","template":"page-template-transparencia-home.php","meta":{"footnotes":""},"class_list":["post-9946","page","type-page","status-publish","has-post-thumbnail","hentry"],"aioseo_notices":[],"_links":{"self":[{"href":"https:\/\/caritas.barcelona\/es\/wp-json\/wp\/v2\/pages\/9946","targetHints":{"allow":["GET"]}}],"collection":[{"href":"https:\/\/caritas.barcelona\/es\/wp-json\/wp\/v2\/pages"}],"about":[{"href":"https:\/\/caritas.barcelona\/es\/wp-json\/wp\/v2\/types\/page"}],"author":[{"embeddable":true,"href":"https:\/\/caritas.barcelona\/es\/wp-json\/wp\/v2\/users\/1"}],"replies":[{"embeddable":true,"href":"https:\/\/caritas.barcelona\/es\/wp-json\/wp\/v2\/comments?post=9946"}],"version-history":[{"count":3,"href":"https:\/\/caritas.barcelona\/es\/wp-json\/wp\/v2\/pages\/9946\/revisions"}],"predecessor-version":[{"id":15898,"href":"https:\/\/caritas.barcelona\/es\/wp-json\/wp\/v2\/pages\/9946\/revisions\/15898"}],"wp:featuredmedia":[{"embeddable":true,"href":"https:\/\/caritas.barcelona\/es\/wp-json\/wp\/v2\/media\/9826"}],"wp:attachment":[{"href":"https:\/\/caritas.barcelona\/es\/wp-json\/wp\/v2\/media?parent=9946"}],"curies":[{"name":"wp","href":"https:\/\/api.w.org\/{rel}","templated":true}]}}

<p><span class="fs28 fw700">¿Qué es el portal de transparencia?</span><br />
Hoy más que nunca las organizaciones tenemos que ser transparentes a la vez de comunicar nuestra tarea.</p>
<p>La creación de este portal no solo responde una cuestión de leyes que obligan, sino que es un compromiso con la misma entidad, con nuestros socios, donantes, personas atendidas y con la sociedad en general. En este apartado podrás encontrar:</p>
<ul>
<li>Información institucional</li>
<li>Gestión Económica, contratos y convenios</li>
<li>Personas</li>
<li>Informes, programas y memorias</li>
<li>Normas y buenas prácticas</li>
<li>Canal de denuncias</li>
</ul>

<p>¿Qué es el portal de transparencia? Hoy más que nunca las organizaciones tenemos que ser transparentes a la vez de comunicar nuestra tarea. La creación de este portal no solo [&hellip;]</p>
