{"id":12950,"date":"2022-09-08T18:28:48","date_gmt":"2022-09-08T16:28:48","guid":{"rendered":"https:\/\/caritas.barcelona\/?page_id=12950"},"modified":"2025-02-13T09:25:22","modified_gmt":"2025-02-13T08:25:22","slug":"espacios-polivalentes","status":"publish","type":"page","link":"https:\/\/caritas.barcelona\/es\/espacios-polivalentes\/","title":{"rendered":"Espacios polivalentes"},"content":{"rendered":"<p>Una puerta abierta a todo el mundo<\/p>\n<p>Ofrecemos espacios de confort a personas que no lo pueden disfrutar en sus domicilios.<\/p>\n<p>Los <strong>Espacios Polivalentes<\/strong> nacen en 2019, fruto de la necesidad de flexibilizar los proyectos de atenci\u00f3n colectiva de C\u00e1ritas para <strong>ofrecer espacios de confianza y de vida a personas y familias.<\/strong> Desde una perspectiva transversal y de proximidad, la comunidad toma la palabra y las personas se convierten en el centro de nuestra mirada, acci\u00f3n y acogida.<\/p>\n<p>Actualmente <strong>disponemos de cinco Espacios Polivalentes repartidos por la di\u00f3cesis de Barcelona<\/strong>, \u200b\u200bque ofrecen servicios que van desde la atenci\u00f3n psicol\u00f3gica, hasta servicios de lavander\u00eda y duchas, pasando por cursos de lengua o autonom\u00eda digital, asesoramiento en prestaciones sociales y tardes en familia.<\/p>\n<p>Uno de los principales objetivos es impulsar <strong>actuaciones preventivas orientadas a la disminuci\u00f3n de los factores de riesgo<\/strong> que puedan dificultar el desarrollo de procesos personales, familiares, sociales y comunitarios.<\/p>\n<p>&nbsp;<\/p>\n<p><em>Con el apoyo de:<\/em><\/p>\n<p><img loading=\"lazy\" decoding=\"async\" class=\"alignnone wp-image-15035\" src=\"https:\/\/caritas.barcelona\/wp-content\/uploads\/2024\/03\/logo_generalitat.png\" alt=\"logo_generalitat\" width=\"210\" height=\"55\" data-wp-editing=\"1\" srcset=\"https:\/\/caritas.barcelona\/wp-content\/uploads\/2024\/03\/logo_generalitat.png 640w, https:\/\/caritas.barcelona\/wp-content\/uploads\/2024\/03\/logo_generalitat-300x79.png 300w\" sizes=\"auto, (max-width: 210px) 100vw, 210px\" \/><\/p>\n","protected":false},"excerpt":{"rendered":"<p>Una puerta abierta a todo el mundo Ofrecemos espacios de confort a personas que no lo pueden disfrutar en sus domicilios. Los Espacios Polivalentes nacen en 2019, fruto de la [&hellip;]<\/p>\n","protected":false},"author":1,"featured_media":12930,"parent":0,"menu_order":0,"comment_status":"closed","ping_status":"closed","template":"page-template-espais-polivalents.php","meta":{"footnotes":""},"class_list":["post-12950","page","type-page","status-publish","has-post-thumbnail","hentry"],"aioseo_notices":[],"_links":{"self":[{"href":"https:\/\/caritas.barcelona\/es\/wp-json\/wp\/v2\/pages\/12950","targetHints":{"allow":["GET"]}}],"collection":[{"href":"https:\/\/caritas.barcelona\/es\/wp-json\/wp\/v2\/pages"}],"about":[{"href":"https:\/\/caritas.barcelona\/es\/wp-json\/wp\/v2\/types\/page"}],"author":[{"embeddable":true,"href":"https:\/\/caritas.barcelona\/es\/wp-json\/wp\/v2\/users\/1"}],"replies":[{"embeddable":true,"href":"https:\/\/caritas.barcelona\/es\/wp-json\/wp\/v2\/comments?post=12950"}],"version-history":[{"count":4,"href":"https:\/\/caritas.barcelona\/es\/wp-json\/wp\/v2\/pages\/12950\/revisions"}],"predecessor-version":[{"id":16009,"href":"https:\/\/caritas.barcelona\/es\/wp-json\/wp\/v2\/pages\/12950\/revisions\/16009"}],"wp:featuredmedia":[{"embeddable":true,"href":"https:\/\/caritas.barcelona\/es\/wp-json\/wp\/v2\/media\/12930"}],"wp:attachment":[{"href":"https:\/\/caritas.barcelona\/es\/wp-json\/wp\/v2\/media?parent=12950"}],"curies":[{"name":"wp","href":"https:\/\/api.w.org\/{rel}","templated":true}]}}

<p>Una puerta abierta a todo el mundo</p>
<p>Ofrecemos espacios de confort a personas que no lo pueden disfrutar en sus domicilios.</p>
<p>Los <strong>Espacios Polivalentes</strong> nacen en 2019, fruto de la necesidad de flexibilizar los proyectos de atención colectiva de Cáritas para <strong>ofrecer espacios de confianza y de vida a personas y familias.</strong> Desde una perspectiva transversal y de proximidad, la comunidad toma la palabra y las personas se convierten en el centro de nuestra mirada, acción y acogida.</p>
<p>Actualmente <strong>disponemos de cinco Espacios Polivalentes repartidos por la diócesis de Barcelona</strong>, ​​que ofrecen servicios que van desde la atención psicológica, hasta servicios de lavandería y duchas, pasando por cursos de lengua o autonomía digital, asesoramiento en prestaciones sociales y tardes en familia.</p>
<p>Uno de los principales objetivos es impulsar <strong>actuaciones preventivas orientadas a la disminución de los factores de riesgo</strong> que puedan dificultar el desarrollo de procesos personales, familiares, sociales y comunitarios.</p>
<p>&nbsp;</p>
<p><em>Con el apoyo de:</em></p>
<p><img loading="lazy" decoding="async" class="alignnone wp-image-15035" src="https://caritas.barcelona/wp-content/uploads/2024/03/logo_generalitat.png" alt="logo_generalitat" width="210" height="55" data-wp-editing="1" srcset="https://caritas.barcelona/wp-content/uploads/2024/03/logo_generalitat.png 640w, https://caritas.barcelona/wp-content/uploads/2024/03/logo_generalitat-300x79.png 300w" sizes="auto, (max-width: 210px) 100vw, 210px" /></p>
